 41 = 0. What is the highest common divisor of 16 and k?
1
Suppose 10*t - 4 = 8*t. Suppose -2*c + c + t*y = -49, 2*y = 0. Calculate the highest common factor of c and 7.
7
Let k = -31 - -44. Let a(p) = 4*p**3 + 59*p**2 + 513*p + 1030. Let j be a(-2). What is the highest common divisor of k and j?
13
Let q(y) = y**3 - y**2 - y + 14. Let k be q(0). Suppose i + 5 = 0, 5*i + 111 = 2*d - 54. Calculate the greatest common factor of k and d.
14
Let p(k) = 11*k**3 - 3*k**2 - 28*k - 6. Let o be p(-4). Let n = -598 - o. Calculate the greatest common factor of 84 and n.
12
Let b = 12003 - 11804. Calculate the greatest common divisor of 597 and b.
199
Let k be (2 + 4 + 0)*(-1)/1. Let o be (-3 - (-243)/21) + k/(-14). Let n be (-1217)/(-3) - (-12)/o. Calculate the highest common divisor of 37 and n.
37
Suppose 21*v = 62505 + 40668. Calculate the highest common divisor of v and 1445.
289
Let h be (16 + -1 - -1) + -1. Let b be 3237/9 - -3*(-20)/(-45). Let y = b - 301. What is the highest common divisor of y and h?
15
Suppose 3*l - 35050 = -5*o + 10113, 0 = -4*o + l + 36144. What is the highest common divisor of 278 and o?
139
Suppose 13*x = 3*x + 620. Let f = x + 250. What is the highest common factor of f and 39?
39
Let y(b) = 175*b + 11100. Let j be y(-62). What is the greatest common divisor of j and 575?
25
Let t(s) = -s**3 + 12*s**2 - 14*s + 6. Let q be t(10). Let y(z) = 501*z - 1206. Let d be y(3). Calculate the highest common divisor of q and d.
33
Suppose 3*a + 6 = 0, -109 = -2*s - 4*a + 15. Suppose -s = 4*y - 286. Let c = -1144 - -1155. What is the highest common factor of y and c?
11
Suppose j = 3*m - 104107, 1318 = 2*m + 4*j - 68068. Calculate the highest common divisor of m and 129.
129
Let j(h) = 10*h**2 + 17*h + 61. Let r be j(-3). Calculate the greatest common factor of r and 5675.
25
Let l = -82 + 113. Calculate the highest common divisor of l and 3007.
31
Let v = -6312 + 6424. Calculate the greatest common divisor of v and 1624.
56
Let o = 70 - 67. Suppose -o*b - 356 = b. Let i = b - -96. What is the highest common factor of 35 and i?
7
Let t(n) = n**2 - 60*n - 664. Let h be t(-55). What is the greatest common divisor of 222 and h?
111
Let y be (6/(-9))/(344/(-84) - -4). Let k = y - 5. Suppose -k*o - 528 = -4*o. What is the greatest common factor of 33 and o?
33
Let l = 500 - 503. Let c = -21 + 102. Let h be (-266)/(-18) + l/c*-6. Calculate the greatest common factor of 60 and h.
15
Let h = -6 + 7. Let d be 42/35*15*h. Let u = -32 + 68. What is the highest common factor of u and d?
18
Suppose -7*b + 2*b = 2*y - 61722, 0 = -2*b - 2*y + 24696. Calculate the highest common factor of 34 and b.
34
Let q = 4 - 268. Let i = -178 - q. What is the greatest common factor of 43 and i?
43
Suppose -5*x + 80 = -6*x. Let p = x - -91. Let l(g) = g**2 - 10*g - 7. Let a be l(p). What is the highest common divisor of 2 and a?
2
Let p(w) = 98*w**2 + 66*w - 330. Let o be p(5). What is the greatest common factor of o and 28?
14
Let r = 11238 + -10762. What is the greatest common factor of r and 578?
34
Let h(m) = -3*m**3 - 6*m**2 + 5*m - 6. Let k = 62 - 51. Let s = -15 + k. Let l be h(s). Calculate the greatest common divisor of 28 and l.
14
Let d = -36255 + 36337. Calculate the highest common divisor of d and 4551.
41
Let h be (-5 + (5 - -15))*(-3 + 233). What is the highest common factor of 750 and h?
150
Let u be 26*((-13)/(-455)*-10)/((-4)/7). Suppose -36 + 231 = 3*t. What is the greatest common factor of t and u?
13
Suppose 240*x - 3243 = -z + 237*x, -4*x = -z + 3236. What is the highest common divisor of 600 and z?
120
Suppose 149*k - 831 = 559 + 1888. What is the highest common factor of k and 7029?
11
Let c = 49 + 2. Suppose -8*j = 1004 - 3860. What is the greatest common factor of c and j?
51
Let p(z) = 41*z - 18. Let r be p(3). Suppose 15*b + r = 330. What is the highest common factor of 255 and b?
15
Let p = -1527 - -2213. Calculate the greatest common divisor of 14 and p.
14
Suppose -15*c + 33*c - 2592 = 0. Suppose -c*j + 44 = -143*j. Calculate the highest common divisor of 198 and j.
22
Suppose 246 = 2*a + 4*p, 8*a - 7*a = 4*p + 69. What is the highest common factor of a and 8421?
21
Let m(d) = 170 - 10*d + 156 + d**2 - 307. Let k be m(10). Calculate the highest common divisor of k and 1349.
19
Suppose -5*a - 10 = -7*a. Let j be -6 + (4 - 1) - -20. Suppose j = 4*l - 3. Calculate the highest common factor of l and a.
5
Let p(v) = 4*v**2 + v - 4. Let o be p(3). Suppose 145*g = -1027 + 6826 + 2321. Calculate the greatest common divisor of o and g.
7
Suppose -26*p = -35*p + 63. Suppose d - p = 16. What is the highest common factor of 92 and d?
23
Suppose -4*n + s + 5359 = 0, -43*s = -3*n - 40*s + 4017. Calculate the greatest common factor of n and 160.
20
Let t = 2226 - 2192. Calculate the highest common factor of 22 and t.
2
Let r(z) = 40*z + 116. Let t be r(-2). What is the highest common factor of 8 and t?
4
Suppose -440*a + 436*a + 24 = 0. Let n be a/45*-5*(-3519)/6. Calculate the highest common divisor of n and 34.
17
Let b(z) = z**3 + 2*z**2 - 8*z + 18. Let w be b(0). Suppose -w = -59*i + 56*i. Calculate the greatest common divisor of 174 and i.
6
Let u be -3 + (-7)/35 + (-202)/(-10). Suppose -6*l - 1518 = -u*l. Suppose -7*o + l = -114. What is the highest common divisor of o and 4?
4
Suppose -464*b = -469*b - 180. Let z be (-3)/(150/260)*(b - -1). Calculate the greatest common divisor of z and 52.
26
Suppose -3*k + 0 + 18 = 0. Suppose -11 = -p - k, 0 = -2*s + 3*p + 3. Suppose 187 + 2 = s*a. Calculate the greatest common factor of 147 and a.
21
Let o = -186 - -196. Suppose -o*z + 6*z = -3*n - 116, -4*n = 5*z - 114. Suppose -j = 4*j - 520. Calculate the highest common divisor of z and j.
26
Suppose i = -p + 9, -5*i = -0*p - 2*p - 17. Suppose 0 = 10*h - 7*h - 9. Suppose 4*n - 70 = 5*j, n - j - 24 = -h*j. What is the highest common factor of n and i?
5
Let i be ((-25)/(150/(-63)))/(1/12). Calculate the greatest common factor of 147 and i.
21
Suppose 2*w = -0 + 20. Suppose -w*k + 8*k + 48 = 0. Suppose 2*u - k = -2*u. What is the highest common factor of 9 and u?
3
Let n be 4*-1*988/(-16)*3. What is the highest common factor of 39 and n?
39
Suppose -2*k = q - 472, 3*k - 8*k + 1867 = 4*q. Calculate the highest common divisor of 18 and q.
2
Let g be -3 + ((-18)/45)/(1/(-340)). Suppose -b + 7*y = 3*y - 114, 2*y + 228 = 2*b. What is the highest common divisor of g and b?
19
Let v = 460 - 452. Suppose v*g - 136 = -9*g. Calculate the greatest common divisor of g and 40.
8
Suppose 3*g + 277 = -734. Let y = 360 + g. What is the highest common factor of 23 and y?
23
Let r = -16222 + 16342. Calculate the highest common factor of 1272 and r.
24
Suppose -13230 = -353*r + 347*r. Suppose -97*k - r = -100*k. Calculate the highest common factor of 105 and k.
105
Suppose -18 = -16*k + 13*k. Suppose -k*q + 35 = -181. What is the highest common factor of q and 468?
36
Let s(k) = -2*k**2 + 5*k - 22. Let z be s(-6). Let a = z - -137. Calculate the greatest common factor of 182 and a.
13
Let j = 69 + -64. Let x(k) = -16 - 21 - j*k - 22 + 10*k. Let g be x(25). What is the highest common factor of 44 and g?
22
Suppose 0 = -2*c - 3*r + 11400, 6489 + 10573 = 3*c - 5*r. Calculate the greatest common factor of c and 78.
78
Let r = -4388 - -4394. What is the greatest common divisor of r and 564?
6
Let p = 10 - -66. Let z = -24329 - -24333. What is the greatest common divisor of z and p?
4
Let q be ((-1102)/116)/(3/(-150)). Calculate the greatest common factor of 513 and q.
19
Let s = 25 - 39. Let r(b) = b**3 + 15*b**2 + 13*b + 32. Let o be r(s). Let q be (o/4 + 1)*18/15. What is the highest common factor of q and 6?
3
Let w(r) = r**3 + 15*r**2 - 6*r + 7. Let v be w(-14). What is the highest common factor of 123 and v?
41
Let u = 3589 + -475. Calculate the greatest common divisor of u and 18.
18
Suppose -31 = 4*c - g + 4*g, -4*c - 6 = -2*g. Let v be 12 - (-5 - c - -4). Suppose 4*b - 7 - v = 0. Calculate the highest common divisor of b and 2.
2
Let k be (4 - -2) + -4 + -2. Suppose -636 = -c - 3*c - 4*b, -2*c - 4*b + 324 = k. What is the highest common divisor of 24 and c?
12
Let h be -385*108/14*18/(-54). What is the highest common factor of 180 and h?
90
Let o(z) = 2*z - 33. Let